vided by 4813.
26
Calculate the remainder when 118 is divided by 17.
16
Calculate the remainder when 1077 is divided by 276.
249
What is the remainder when 38699 is divided by 20?
19
Calculate the remainder when 9919 is divided by 431.
6
What is the remainder when 104567 is divided by 23?
9
Calculate the remainder when 4556 is divided by 340.
136
What is the remainder when 80562 is divided by 588?
6
Calculate the remainder when 116925 is divided by 8351.
11
Calculate the remainder when 6830 is divided by 33.
32
Calculate the remainder when 2164 is divided by 917.
330
Calculate the remainder when 38073 is divided by 38.
35
What is the remainder when 31519 is divided by 16?
15
Calculate the remainder when 10507 is divided by 421.
403
Calculate the remainder when 697 is divided by 625.
72
What is the remainder when 1561 is divided by 472?
145
Calculate the remainder when 2744 is divided by 893.
65
Calculate the remainder when 5867 is divided by 237.
179
What is the remainder when 47165 is divided by 11?
8
Calculate the remainder when 3117 is divided by 1034.
15
What is the remainder when 7573 is divided by 840?
13
Calculate the remainder when 13275 is divided by 80.
75
What is the remainder when 9313 is divided by 45?
43
What is the remainder when 648 is divided by 120?
48
Calculate the remainder when 2936 is divided by 157.
110
Calculate the remainder when 1625 is divided by 326.
321
What is the remainder when 4760 is divided by 1437?
449
What is the remainder when 12358 is divided by 30?
28
What is the remainder when 1528687 is divided by 10?
7
What is the remainder when 1031 is divided by 204?
11
Calculate the remainder when 6085 is divided by 2025.
10
Calculate the remainder when 13986 is divided by 2327.
24
What is the remainder when 830366 is divided by 276788?
2
What is the remainder when 11954 is divided by 460?
454
What is the remainder when 28943 is divided by 724?
707
Calculate the remainder when 33907 is divided by 11297.
16
What is the remainder when 30483 is divided by 44?
35
Calculate the remainder when 40045 is divided by 739.
139
What is the remainder when 33516 is divided by 492?
60
Calculate the remainder when 10140 is divided by 21.
18
What is the remainder when 1864 is divided by 850?
164
What is the remainder when 3694 is divided by 522?
40
What is the remainder when 926847 is divided by 168?
159
What is the remainder when 10776 is divided by 196?
192
What is the remainder when 12898 is divided by 6444?
10
What is the remainder when 8373 is divided by 118?
113
Calculate the remainder when 507 is divided by 162.
21
Calculate the remainder when 8569 is divided by 22.
11
Calculate the remainder when 16102 is divided by 2237.
443
Calculate the remainder when 236 is divided by 108.
20
Calculate the remainder when 20073 is divided by 1429.
67
What is the remainder when 140976 is divided by 309?
72
Calculate the remainder when 845 is divided by 130.
65
Calculate the remainder when 106729 is divided by 106710.
19
Calculate the remainder when 53133 is divided by 24.
21
Calculate the remainder when 2962131 is divided by 21.
18
Calculate the remainder when 769103 is divided by 384546.
11
Calculate the remainder when 2531 is divided by 1141.
249
What is the remainder when 162 is divided by 7?
1
Calculate the remainder when 4120 is divided by 8.
0
What is the remainder when 4509 is divided by 662?
537
What is the remainder when 333677 is divided by 662?
29
Calculate the remainder when 1680 is divided by 994.
686
Calculate the remainder when 201787 is divided by 17.
14
What is the remainder when 36597 is divided by 2612?
29
Calculate the remainder when 12772 is divided by 520.
292
What is the remainder when 384777 is divided by 5?
2
What is the remainder when 8383 is divided by 2082?
55
What is the remainder when 6752 is divided by 669?
62
What is the remainder when 1610597 is divided by 243?
236
Calculate the remainder when 7091 is divided by 572.
227
What is the remainder when 29028 is divided by 736?
324
Calculate the remainder when 20444 is divided by 2554.
12
Calculate the remainder when 8829 is divided by 4395.
39
Calculate the remainder when 14411 is divided by 720.
11
Calculate the remainder when 9738 is divided by 78.
66
Calculate the remainder when 213158 is divided by 13.
10
What is the remainder when 50371 is divided by 402?
121
Calculate the remainder when 66587 is divided by 630.
437
What is the remainder when 18584 is divided by 18579?
5
What is the remainder when 5773 is divided by 129?
97
What is the remainder when 29796 is divided by 1986?
6
Calculate the remainder when 1662 is divided by 783.
96
What is the remainder when 11422 is divided by 17?
15
What is the remainder when 490 is divided by 324?
166
What is the remainder when 3980 is divided by 376?
220
Calculate the remainder when 947637 is divided by 53.
50
What is the remainder when 123409 is divided by 322?
83
Calculate the remainder when 14421 is divided by 13.
4
Calculate the remainder when 1239893 is divided by 1239880.
13
What is the remainder when 248225 is divided by 149?
140
What is the remainder when 5507 is divided by 5480?
27
What is the remainder when 390447 is divided by 30?
27
Calculate the remainder when 21709 is divided by 7232.
13
Calculate the remainder when 60689 is divided by 60679.
10
Calculate the remainder when 4555 is divided by 981.
631
Calculate the remainder when 1015 is divided by 222.
127
What is the remainder when 58628 is divided by 137?
129
What is the remainder when 2965 is divided by 31?
20
Calculate the remainder when 370320 is divided by 4516.
8
What is the remainder when 7920 is divided by 162?
144
What is the remainder when 35002 is divided by 117?
19
Calculate the remainder when 6867 is divided by 73.
5
Calculate the remainder when 10221 is divided by 2555.
1
Calculate the remainder when 7465 is divided by 1236.
49
Calculate the remainder when 115900 is divided by 156.
148
What is the remainder when 3956 is divided by 65?
56
Calculate the remainder when 1030 is divided by 126.
22
Calculate the remainder when 28096 is divided by 206.
80
What is the remainder when 22336 is divided by 248?
16
What is the remainder when 18416 is divided by 9194?
28
Calculate the remainder when 3386 is divided by 154.
152
What is the remainder when 55309 is divided by 18431?
16
What is the remainder when 8734 is divided by 546?
544
Calculate the remainder when 32021 is divided by 1005.
866
What is the remainder when 3313 is divided by 642?
103
What is the remainder when 61292 is divided by 15321?
8
What is the remainder when 883 is divided by 322?
239
Calculate the remainder when 269 is divided by 56.
45
What is the remainder when 51376 is divided by 1252?
44
Calculate the remainder when 29358 is divided by 14637.
84
What is the remainder when 43154 is divided by 415?
409
What is the remainder when 114404 is divided by 9?
5
What is the remainder when 24852 is divided by 10?
2
What is the remainder when 99291 is divided by 201?
198
What is the remainder when 192118 is divided by 142?
134
Calculate the remainder when 8407 is divided by 96.
55
Calculate the remainder when 216937 is divided by 263.
225
Calculate the remainder when 52515 is divided by 65.
60
Calculate the remainder when 3531 is divided by 323.
301
What is the remainder when 17759 is divided by 2958?
11
Calculate the remainder when 1425 is divided by 190.
95
What is the remainder when 30086 is divided by 100?
86
Calculate the remainder when 15867 is divided by 59.
55
Calculate the remainder when 1572 is divided by 248.
84
Calculate the remainder when 8313 is divided by 334.
297
Calculate the remainder when 299411 is divided by 299391.
20
What is the remainder when 52618 is divided by 421?
414
What is the remainder when 40454 is divided by 595?
589
Calculate the remainder when 2559 is divided by 86.
65
Calculate the remainder when 2819100 is divided by 13.
11
What is the remainder when 4047 is divided by 27?
24
What is the remainder when 22039 is divided by 116?
115
What is the remainder when 1219 is divided by 170?
29
What is the remainder when 3939 is divided by 517?
320
Calculate the remainder when 294335 is divided by 72.
71
Calculate the remainder when 243912 is divided by 6251.